g + 13. Give y(a).
7
Let n(c) be the second derivative of c**5/20 + 5*c**4/4 + 7*c**3/3 - 9*c**2/2 + 1051*c. Suppose -m + 14 = -2*m. Give n(m).
-9
Suppose 0*i - 2 = -i. Let c(o) = -33*o**3 - 32*o**2 + 885*o + 58. Let x(w) = -4*w**3 - 4*w**2 + 108*w + 7. Let d(u) = 5*c(u) - 41*x(u). Calculate d(i).
5
Let d(z) = -8*z + 4. Let y = 694 - 691. Calculate d(y).
-20
Suppose 3*q - 3 = 3. Let n be (-83)/5*-1 + (-6)/(-15). Let d(o) = 213 - q*o**2 + n*o**2 - 214. Calculate d(-1).
14
Let r(s) = 80*s + 1195. Let h be r(-15). Let f(d) = -7*d - 3. Let w(y) = -4*y - 1. Let j(l) = 3*f(l) - 5*w(l). Determine j(h).
1
Let u(y) = 3*y - 2. Let v(d) = 16*d - 20. Let p(l) = 11*u(l) - 2*v(l). Give p(3).
21
Let b(z) = -1. Let i(o) = -2*o - 2. Let l(p) = 4*b(p) - 2*i(p). Let n(g) = g**3 - 14*g**2 - g - 215. Let v be n(15). Give l(v).
-20
Let h = 10 + -9. Let v be ((-9)/2)/(30/(-20)). Let s(u) = 7*u**2 + 3. Let m(w) = w**2 + 1. Let x(c) = v*m(c) - s(c). What is x(h)?
-4
Let u(p) = p**3 - 7*p**2 + 8*p + 11. Suppose 5*o - 1 - 14 = -2*q, 0 = 5*o + 4*q - 15. Give u(o).
-1
Let k(o) = 2*o**2 + 6*o - 74. Let l(f) = 3*f**2 + 6*f - 99. Let u(s) = 4*k(s) - 3*l(s). Determine u(11).
-54
Let d(n) = n**3 + 24*n**2 + 23*n + 5. Suppose 98*g + 27*g = 28*g - 2231. Give d(g).
5
Suppose 0 = 4*j + 4, 3 = 38*n - 39*n + 4*j. Let f(v) = 2*v**2 + v**3 - 2 - 3*v**2 + 7*v**2 - 6*v - 2. Give f(n).
-11
Let n be -7 + -1*(7 + 160/(-24))*-3. Let i(l) = l**3 + 8*l**2 + 11*l + 22. Give i(n).
28
Suppose 5*u = -199*o + 197*o - 11, 0 = -2*o - u - 23. Let r(i) = -i**3 - 17*i**2 - 50*i + 17. Determine r(o).
-9
Let z = -550 - -558. Let i(b) = -z*b - 7*b + 4*b**2 + 1 + 15*b. Give i(1).
5
Let u(q) = 1 + 2*q - q**3 + q**2 - 1. Suppose 0 = -43*i + 840 - 883. Calculate u(i).
0
Let n(w) = -36*w**2 + 30 - 59 - 479*w**3 + 2 + 481*w**3 + 2*w. Calculate n(18).
9
Let l(m) = -2*m**3 + 4*m**2 - 94*m + 29. Let v(h) = 3*h**3 - h**2 + 95*h - 47. Let g(z) = -4*l(z) - 3*v(z). What is g(-18)?
7
Let p(i) = i**2 - 15*i + 25. Suppose -8*b + 35*b = 63*b - 504. Give p(b).
11
Suppose 2*a + 11 = -9. Let r(i) be the first derivative of -2*i**3/3 - 11*i**2 - 20*i - 568. Let j be r(a). Let x(m) = -m**2 + m - 15. Calculate x(j).
-15
Let w(u) be the third derivative of 0 - 44*u**2 - 7/6*u**3 + 0*u + 1/24*u**4. Give w(6).
-1
Let a(z) be the first derivative of z**5/60 + z**4/24 + z**3/3 + 16*z**2 + 2*z + 21. Let l(j) be the second derivative of a(j). Calculate l(5).
32
Let y be (54/(-9))/(-24) - (-8)/(-32). Let z(v) = -v**3 + 3*v**2 - v + 6. Calculate z(y).
6
Let n(p) = 4*p**3 + 35*p**2 - 129*p - 70. Let u(v) = 9*v**3 + 69*v**2 - 262*v - 138. Let x(f) = -11*n(f) + 5*u(f). Determine x(37).
6
Suppose -5*a = -5, -2*q + 5*a + 1 = -0*a. Let z(v) = 407 + 0*v**q - 2*v - v**3 - 409. Give z(0).
-2
Let x(k) = 28*k**3 + k**2 - k - 1. Suppose 0 = -38*f - 30 + 68. Calculate x(f).
27
Let x(s) = -4*s - 7. Let p be (4/4 - -6)*(-4)/(-7). Suppose -14*n = -p*n + 60. Calculate x(n).
17
Let o(p) = -2*p - 6. Let s be o(-17). Let u be s - 0/((2 - 0) + -4). Suppose -u*g = -24*g + 4. Let d(w) = 12*w**3 + w**2 - 1. Give d(g).
-12
Let f be 1/(8*6/(-624)). Let g(c) = -8*c - 114. Calculate g(f).
-10
Let s(f) = 16*f + 9*f - 3 - 43*f + 5*f + 11*f. Let y(n) = -n**3 + 4*n**2 + 3*n + 4. Let o be y(5). Calculate s(o).
9
Suppose -7*d = -9*d + a - 131, 4*a + 43 = -d. Let t = d - -61. Let r(q) = 7*q**2 + 2. Give r(t).
30
Let q be (-1)/(-3) - 4/(-6). Let a(t) = -q - 7*t**3 + 6*t**3 + 3 - 5 + 5*t**2. What is a(5)?
-3
Let c(w) be the third derivative of -w**5/10 + 5*w**4/12 + 3*w**3/2 - 5*w**2 - 4. Let g(x) = 5*x**2 - 8*x - 10. Let n(t) = 4*c(t) + 5*g(t). What is n(0)?
-14
Suppose -26*k + 256 = 6*k. Suppose 36 = k*b - 12. Let y(q) = q**3 - 8*q**2 + 7*q - 5. Determine y(b).
-35
Let l(b) = 880*b**3 + 885*b**3 + 0*b**2 + 129 + 877*b**3 - 60*b**2 - 2641*b**3 + 57*b. Calculate l(59).
11
Let a = 616 - 604. Let d(y) = -10*y - 10 - 6*y - 4 + 18*y. Give d(a).
10
Suppose -22 + 238 = 36*u. Suppose c - 28 = -u*c. Let r(w) be the second derivative of -2*w**3/3 - 3*w**2/2 - w. Determine r(c).
-19
Let j(r) = -15*r - 18*r - 5*r + 27*r**2 - 4 + 45*r - 11*r. What is j(-2)?
112
Let d(h) = -2*h. Let v(o) = -50*o + 43. Let l be v(4). Let j = -159 - l. Give d(j).
4
Let v be ((-62)/279)/(-7 + 320/45). Let k(m) = -65*m - 110. Calculate k(v).
20
Suppose 4*i - 5*b + 6 = 2*i, b = 2. Let o(v) = -7*v + 3*v**i - 5 - 2*v**2 + v. Give o(8).
11
Let w(y) = y**2 - 3*y - 2. Let o be 3 - (-10 + 9) - 2*1. Suppose -o*z = 3*c - 7, -c + z - 15 = 6*z. Suppose c*u + 5*g = 15, u + u = -5*g + 21. Determine w(u).
8
Let z(s) = 7*s. Let g(i) = -8*i + 1. Let x(q) = -3*g(q) - 3*z(q). Let w(c) = -c - 4. Let o be w(-3). Let j = o - -6. Give x(j).
12
Let b(d) = -5*d - 22. Let j = -81 - -75. Let q be b(j). Let u(a) = -a**3 + 3 - 2*a - 6*a**2 + q - 1 - 5. Give u(-5).
-10
Let h(c) = 25*c - 4. Let a(o) = -142*o + 24. Let f(t) = 6*a(t) + 34*h(t). Suppose 4*l - 3*l = 8. What is f(l)?
-8
Let z(u) be the first derivative of 34*u**3/3 - u + 2793. Determine z(-1).
33
Let d(n) = -15*n - 220. Let o(b) = 14*b + 212. Let v(c) = 7*d(c) + 8*o(c). What is v(-23)?
-5
Let d(a) = 2*a. Let u(w) = -7*w**2 + 6*w - 81. Let m(i) = -3*d(i) + u(i). Let n(p) be the first derivative of m(p). What is n(-1)?
14
Let s(b) be the first derivative of b**3/3 + 21*b**2/2 + 102*b - 1341. Give s(-9).
-6
Let y(x) = -4*x**2 + 7*x + 3. Let t = 16881 - 16878. Give y(t).
-12
Let y(l) = -l**2 - 1. Suppose 0 = 6*v - 42*v + 2*v - 34. What is y(v)?
-2
Suppose 5*m = -10, -4*d - 4*m = -19 - 437. Let u(k) = 110 - 3*k + 5*k - d. What is u(0)?
-6
Let h be (-864)/189 - 3/7. Let s(i) = -2*i**3 + 4*i**2 - 8*i - 3. Let k(p) = 2*p**3 + 2 - 3*p**3 - 5 + 4. Let r(z) = 3*k(z) - s(z). Give r(h).
-9
Let d(q) be the second derivative of q**5/20 - 2*q**4 - q**3/2 + 71*q**2/2 + 9*q. Give d(24).
-1
Let l(j) = 2*j**2 - 2*j - 2. Let n be 5 + (6 - 3) - (-8 + 13). Suppose n - 27 = -12*h. Give l(h).
2
Let n = -434 - -440. Let u(r) = -5*r**2 - 2*r + 14. Let g(v) = v**2 - v. Let q(j) = -6*g(j) - u(j). Calculate q(n).
-2
Let m be -2 + 2 - (-2 - 9) - -1. Let b(n) = -3*n**2 + 42*n - 20. Determine b(m).
52
Suppose -68 = -4*o - 4*d, 115*o = 114*o + 4*d + 42. Suppose -4*v = -5*g + 41, 0 = 4*v + 4*g - 3*g + 11. Let l be v/(-22) + 40/o. Let c(t) = -3*t - 1. Give c(l).
-7
Let s be (-36)/(1/(-1 - -2)). Let q = s + 29. Let m(n) be the second derivative of n**3/6 + 2*n**2 - 2*n. Calculate m(q).
-3
Let v be ((-34)/5)/(2590/6475). Let d(f) = -3*f**3 - 16*f**2 + 17*f - 3. Let b(x) = 4*x**3 + 16*x**2 - 17*x + 4. Let j(c) = -2*b(c) - 3*d(c). Calculate j(v).
1
Let n = 36 - 35. Let o be (30/(-9))/(n/(-3)). Let a(y) = o*y + 3 + 8*y - 17*y + y. Give a(3).
9
Suppose 5*x + 2608 = 3*w, -23*x = -28*x - 25. Let k = 855 - w. Let n(t) be the second derivative of -t**3/6 - t**2/2 + t. What is n(k)?
5
Suppose 0 = -2*w - 2*f - 359 + 361, -5*w = 2*f - 17. Let o(s) = -s**3 + 6*s**2 + 9*s - 12. Give o(w).
58
Let a(p) = 2 + 0 - 3 + 5*p. Suppose o + 257 = -4*r + 277, 5*o - 46 = -2*r. Calculate a(r).
14
Let d(m) = -17*m**2 - 76*m + 278. Let a(b) = -3*b**2 - 15*b + 53. Let p(i) = -11*a(i) + 2*d(i). Calculate p(12).
-15
Let t = 4573 - 4583. Let a(c) = c**3 + 11*c**2 + 9*c - 9. Give a(t).
1
Let g(s) = -3*s**2 - 20*s + 11. Let w be g(-7). Let q be ((-6)/w)/(8 - (-78)/(-12)). Let n(j) = j**2 - 3 - 3*j**3 + 3. Determine n(q).
4
Let g(a) = 2*a**3 - 4*a**2 + a - 4. Suppose 30 = -0*p + 3*p + 5*m, 0 = -3*p + 5*m. Suppose -5*l + 4*l = -3*k - 9, -l + k = -p. Give g(l).
17
Let g(u) = u**3 - u + 20. Suppose 0*y - 30 = 6*y. Let o(p) = -3*p**2 - 17*p - 3. Let t be o(y). Suppose -2*r - t*r = 0. Calculate g(r).
20
Suppose 3*b = 4*n - 0*n + 518, b = 5*n + 158. Let k = 173 - b. Let t(y) = -5*y + 11 + 280*y**2 - 4 - 281*y**2. Give t(k).
7
Suppose 11 - 7 = -q. Let a be (-10)/q*(-66)/(-55). Let k(i) = -a*i**2 + 6*i + 5 + 14*i**3 - 8*i**3 - 7*i**3. What is k(-4)?
-3
Let t be 0 + (-1)/(1*(-3)/6). Suppose -9 = -4*y + t*l - 3, -3*l - 9 = 0. Let c = y + -8. Let n(j) = -j**2 - 8*j + 9. What is n(c)?
9
Let q(d) be the second derivative of 14*d + 0 - 1/3*d**3 - 1/6*d**4 - 1/10*d**5 - 1/2*d**2. Suppose 4*c - 21 = 3*k + 2*k, k + c = 3. Give q(k).
1
Let l(w) = -44*w + 707. Let m be l(16). Let n(g) = -2*g**3 + 6*g**2 - 7*g + 6. Determine n(m).
-15
Let x(y) = 4*y + 6. Let v